s divided by l(o).
5
Let v = 22 - 11. Let x be (-4)/(-8)*(-12)/(-2). Suppose -x*q + 4 = -8. Calculate the remainder when v is divided by q.
3
Let f(q) = -q**3 + 5*q**2 + 11*q - 7. Calculate the remainder when f(6) is divided by 8.
7
Let m(l) = l**2 - 5*l**2 + 3*l - l + l**3 + 0*l - 7. Calculate the remainder when m(6) is divided by 20.
17
Let s = 34 - 24. Calculate the remainder when (-427)/(-11) + 2/11 is divided by s.
9
Let z(u) = u**3 - 9*u**2 - 9*u + 15. Let w be z(10). Suppose -25 = -5*i + w. Calculate the remainder when 28 is divided by i.
8
Let x(o) = o**2 - 3*o + 2. Let q be x(2). Let f(k) = 13 - k + 5*k - 5*k. Calculate the remainder when f(q) is divided by 7.
6
Suppose 4*z = -3*q + 89, 3*q = -q - 5*z + 117. Suppose -15 = 3*k + 3*r, -5*r - 13 = -k - 0*k. Calculate the remainder when 28 is divided by (k - 0) + (q - 6).
13
Let p be (6/(-4))/((-2)/4). Suppose -3*u + p*b = 0, b = 4*u - 0*b - 3. Let g = -10 + 11. What is the remainder when u is divided by g?
0
Suppose 2*h - 3*h = -49. Calculate the remainder when h is divided by (33 + 5 + -4)*(-1)/(-2).
15
Calculate the remainder when 2/(-3) + 342/27 is divided by 2.
0
Let r = -6 - -17. Suppose -42 = -3*k - 3*n + 36, 4*n - 73 = -3*k. What is the remainder when k is divided by r?
9
Let q = 36 - -52. What is the remainder when q is divided by 5?
3
Suppose -q + 35 = 3*c + 3*q, -3*q - 12 = 0. Suppose -c = -y - 6. What is the remainder when 32 is divided by y?
10
Let l = 4 - -16. Suppose -7 + l = v. What is the remainder when 62 is divided by v?
10
Let t(x) = x + 7. Let q be t(-6). Let y = q + 3. Calculate the remainder when 7 is divided by y.
3
Calculate the remainder when 117 is divided by 7/49 + 417/21.
17
Suppose -2*f + 1 = -7. Suppose 6*c + 9 = -3*t + c, -3*t + f*c = -18. What is the remainder when 7 is divided by t?
1
Suppose 2*h = 5*h + 2*t - 123, 12 = -4*t. Let x(n) = -3*n - 6. Suppose 10 = -4*q - 18. Calculate the remainder when h is divided by x(q).
13
Suppose -8 = -4*s + 8. Suppose -2*u - 2*y = -0*u, -s*u + 3*y = 0. Suppose u = 5*a - 80 - 125. Calculate the remainder when a is divided by 14.
13
Let j be 13 + 6 + 1 + -3. Suppose y - j = -5*i, y - 4*i = -0*i + 53. Let f(o) = -o**2 + 7*o + 4. Calculate the remainder when y is divided by f(6).
7
Let n = 120 + -56. What is the remainder when n is divided by 22?
20
Let w = 2 - -75. Let m = -50 + w. What is the remainder when 78 is divided by m?
24
Let f be (-1 - 0) + (4 - 3). Suppose -5*a - 2*v + 133 = f, -3*a - 4*v = -40 - 51. Calculate the remainder when a is divided by 9.
7
Let c be (-2 + 1)/(2/12). Let d be (-4)/6 - 34/c. Suppose -d*z + 25 = 0, -2*z = 2*p - 20 - 14. What is the remainder when 34 is divided by p?
10
Let d(r) = r**2 - r + 3. What is the remainder when 43 is divided by d(-3)?
13
Let b(w) be the third derivative of -w**4/24 + 4*w**3/3 + w**2. Calculate the remainder when (-151)/(-4) - 1/(-4) is divided by b(-12).
18
Let q be (1 - (1 - 2)) + -2. Suppose -l + 15 - 1 = q. Calculate the remainder when l is divided by 8.
6
Let n(w) = -14*w - 9. Suppose 17 - 305 = 2*l. Calculate the remainder when (0 + 5)*l/(-20) is divided by n(-2).
17
Suppose 3*h = -j + 38, 4*h - 3*j + 4*j = 49. Let a(o) = 3*o - 13. Let b(i) = 2*i + 3. Calculate the remainder when a(h) is divided by b(4).
9
Let u(f) = -f**3 - 12*f**2 - 15*f + 4. Calculate the remainder when u(-11) is divided by 17.
14
Suppose -3*u + 3*f - 54 = 0, u = -u - 4*f - 12. What is the remainder when 25 is divided by (3 - 0)/((-6)/u)?
4
Suppose 5*a + 3 = -j + 23, 2*a + 19 = 5*j. Suppose u + 4*t - 37 = 0, -3*u + 16 = -j*t - 10. Calculate the remainder when 50 is divided by u.
16
Suppose 2*r = 4*r. Suppose -68 = -4*d - r*d. Let y(t) = 4*t**2 - 4*t + 65. Calculate the remainder when y(0) is divided by d.
14
Let n be (3/(-2))/((-1)/2). What is the remainder when 3 is divided by n/((-6)/(-2)) + 1?
1
Let s(m) = -m**2 + 6*m**3 + 2 + 2*m**2 + 2*m**2 + 0*m**3 - 3*m. Calculate the remainder when s(2) is divided by 19.
18
Suppose -3*f - 1 = -7. Suppose -3*k - 9 = 0, -4*k - 67 = -3*n - f*n. Let g(z) = z + 20. Calculate the remainder when g(0) is divided by n.
9
Suppose -x + 1 = -20. Calculate the remainder when x is divided by 8.
5
Suppose 0 = 3*y - 15, 3*s = 5*y - 4*y + 37. Suppose 2*w - 28 = -8. Let o = w - -30. Calculate the remainder when o is divided by s.
12
Suppose r - 5*r - 5*k + 54 = 0, 2*r + k - 24 = 0. What is the remainder when ((-32)/(-6))/((-1)/(-6)) is divided by r?
10
Let k(s) = -5*s - 52. Calculate the remainder when k(-12) is divided by 1.
0
What is the remainder when (5 - 155/(-25))*15/6 is divided by 15?
13
Suppose -3*d + 4*d + 3*y = 27, -2*d = 2*y - 34. What is the remainder when (3/(-2))/(3/(-44)) is divided by d?
10
Let g(m) = -3*m**3 + 2*m - m + 2*m**3 - 8 - 7*m**2. What is the remainder when g(-8) is divided by 25?
23
Suppose 45 + 107 = 8*a. Suppose -73 - 67 = -4*l. Calculate the remainder when l is divided by a.
16
Suppose 0 = 3*t - 3 - 6. Suppose 0 = -4*x - 4*c - 4, -t*x = 2*x - 2*c - 16. Calculate the remainder when 7 is divided by x.
1
Suppose -17 = -4*t + 7. Suppose -2*r + 27 = -3*o - 2*o, -5*o = -4*r + 59. What is the remainder when r is divided by t?
4
Suppose 3*u = -u + 76. Let v = -87 - -122. What is the remainder when v is divided by u?
16
What is the remainder when 35 is divided by 6*(-4 - -6*1)?
11
Suppose 4 = m + m. Suppose -3*q - 2*q + m*y = -115, -2*y + 32 = 2*q. Let g = -27 - -38. What is the remainder when q is divided by g?
10
Suppose -2*l + 7*l - 30 = 0. What is the remainder when 21 is divided by l?
3
Suppose -3*w - 36 = -6*w. Calculate the remainder when w is divided by 7.
5
Suppose 0*p + y - 18 = -5*p, 5*p - 3*y = 6. Suppose 0 = -p*z - 2*z. Let w = 12 + z. Calculate the remainder when 22 is divided by w.
10
Suppose 0 = -4*z + 6 - 18. Calculate the remainder when 0 + 35 - (2 + z) is divided by 19.
17
Let f(h) = 22*h - 9. Let a(k) = 7*k - 3. Let w(b) = -8*a(b) + 3*f(b). Calculate the remainder when w(2) is divided by 9.
8
Let o be ((-6)/(-4))/(6/60). Calculate the remainder when 21 is divided by (5/o)/(1/18).
3
Suppose 5*b - 59 = 3*i, b + 2*i = 3*i + 13. Suppose -5 = -n + b. Calculate the remainder when 28 is divided by n.
13
Let y(j) = 6*j - 1. Let c(h) = h**3 + 7*h**2 - 6*h - 9. Calculate the remainder when c(-7) is divided by y(3).
16
Let x = 12 - 6. Suppose 4*b + 3*n = 59, -2*n = 2*b + 3*b - 65. What is the remainder when b is divided by x?
5
Let d = -2 + 7. Suppose -9 = -d*j + 2*j. Suppose -2*a = 4*z, 0 = 4*z - 3*z + j. What is the remainder when 17 is divided by a?
5
Suppose 5*b + 8 - 54 = -4*c, 8 = 2*b - c. Suppose b*n + 3*v = n + 98, 118 = 5*n - 2*v. Calculate the remainder when n is divided by 6.
4
Suppose -26*f = -27*f + 52. Calculate the remainder when f is divided by 27.
25
Suppose -3*y + 5 = -1. Let q = y - -13. What is the remainder when q is divided by 8?
7
Suppose 0 = 6*b - 63 - 15. What is the remainder when b is divided by 5?
3
Let r = 1 + 1. Suppose 2*f - 126 = y, 4*f + r*y + 3*y - 280 = 0. Calculate the remainder when f is divided by 22.
21
Let s = 28 + -19. Calculate the remainder when 41 is divided by s.
5
Suppose 3 = -b - 3. Let l = b - -14. Calculate the remainder when 13 is divided by l.
5
Suppose -4*d + 32 = 4*w, 3*w - 3 = 2*d - 4. Suppose -4*n - 20 = -9*n. Calculate the remainder when n is divided by w.
1
Suppose 0*w = 2*w. Let o(g) = -g**3 - g**2 + 18. Calculate the remainder when o(w) is divided by 5.
3
Let v(i) = -i**3 - 3*i**2 + 2*i - 2. Let d be v(-4). Suppose -3*k + 22 = x, 4*k - 33 = -x - d. What is the remainder when 24 is divided by x?
3
Let a(s) = s**3 - s**2 + 2*s - 1. What is the remainder when 10 is divided by a(2)?
3
Suppose -4*u = -21 + 17. Let p = u + 22. Calculate the remainder when p is divided by 12.
11
Let g = 7 + 31. Suppose 8*a - 3*a + 49 = 3*r, -4*a = -4*r + 60. Calculate the remainder when g is divided by r.
12
Suppose 0 = 2*b - 53 + 5. What is the remainder when b is divided by 13?
11
Let l be 10/(-40) + (-293)/(-4). Let o = l - 21. Calculate the remainder when o is divided by 11.
8
Suppose -3*v + 30 = -48. Suppose r = 4*y - 53 - 7, 5*r = -3*y + 22. Calculate the remainder when v is divided by y.
12
Suppose 2*g - 5*h = 31, -2*h - 39 = -3*g + 3*h. What is the remainder when g is divided by 5?
3
Let